15846.
2, 3, 23, 4445767
List the prime factors of 2476250521.
29, 67, 751, 1697
What are the prime factors of 24644268?
2, 3, 11, 62233
List the prime factors of 313688392.
2, 39211049
What are the prime factors of 5466429823?
5466429823
What are the prime factors of 2127144?
2, 3, 263, 337
What are the prime factors of 332226602?
2, 67, 467, 5309
List the prime factors of 1350547179.
3, 450182393
List the prime factors of 215462994.
2, 3, 4639, 7741
What are the prime factors of 138364899?
3, 199, 227, 1021
List the prime factors of 697268.
2, 11, 13, 23, 53
List the prime factors of 515689195.
5, 7, 337, 43721
List the prime factors of 3386790.
2, 3, 5, 11, 311
What are the prime factors of 307287507?
3, 102429169
What are the prime factors of 143055361?
103, 1388887
List the prime factors of 3374252652.
2, 3, 281187721
What are the prime factors of 214155384?
2, 3, 19, 61, 7699
What are the prime factors of 941438634?
2, 3, 156906439
List the prime factors of 1069956629.
7, 701, 218047
List the prime factors of 7967578.
2, 3983789
What are the prime factors of 132009669?
3, 11, 13469
What are the prime factors of 1056057995?
5, 23, 9183113
What are the prime factors of 931067133?
3, 47, 6603313
What are the prime factors of 4231118798?
2, 2115559399
What are the prime factors of 162746862?
2, 3, 27124477
List the prime factors of 784260578.
2, 23, 17049143
List the prime factors of 482563932.
2, 3, 41, 127, 7723
What are the prime factors of 364754968?
2, 47, 67, 14479
What are the prime factors of 373530216?
2, 3, 1201, 12959
List the prime factors of 1390055375.
5, 113, 98411
List the prime factors of 2393474821.
19, 239, 527081
List the prime factors of 128093655.
3, 5, 967, 8831
List the prime factors of 771528204.
2, 3, 17, 659, 1913
List the prime factors of 5628656.
2, 11, 31981
What are the prime factors of 9070334855?
5, 19, 23, 547, 7589
List the prime factors of 21988390.
2, 5, 1327, 1657
List the prime factors of 6942189.
3, 2314063
What are the prime factors of 111107732?
2, 1531, 18143
List the prime factors of 442400313.
3, 19, 7761409
What are the prime factors of 17350537?
3371, 5147
List the prime factors of 376931.
376931
What are the prime factors of 683068819?
67, 10195057
What are the prime factors of 1478687946?
2, 3, 61, 1259, 3209
What are the prime factors of 2407445365?
5, 13, 641, 57781
What are the prime factors of 42976329?
3, 11, 1302313
List the prime factors of 4375109165.
5, 7, 125003119
What are the prime factors of 2008156657?
13, 23, 31, 216653
List the prime factors of 106708759.
106708759
What are the prime factors of 40429502?
2, 17, 683, 1741
What are the prime factors of 105751594?
2, 13, 17, 67, 3571
List the prime factors of 727163856.
2, 3, 5049749
What are the prime factors of 12764429?
2297, 5557
List the prime factors of 440906494.
2, 7, 31493321
List the prime factors of 6940905650.
2, 5, 7, 19831159
What are the prime factors of 5356820631?
3, 1785606877
List the prime factors of 268332928.
2, 167, 12553
What are the prime factors of 20274504?
2, 3, 844771
List the prime factors of 10562253.
3, 13, 17, 89, 179
What are the prime factors of 931505093?
8191, 113723
List the prime factors of 22447552.
2, 359, 977
List the prime factors of 766811816.
2, 95851477
What are the prime factors of 82756168?
2, 11, 101, 9311
List the prime factors of 636802788.
2, 3, 2293, 23143
List the prime factors of 341597240.
2, 5, 41, 208291
What are the prime factors of 967723?
41, 23603
List the prime factors of 3673463264.
2, 114795727
List the prime factors of 690815130.
2, 3, 5, 967, 23813
List the prime factors of 358899052.
2, 89724763
List the prime factors of 50809551.
3, 13, 823, 1583
List the prime factors of 67479128.
2, 8434891
List the prime factors of 159402878.
2, 8011, 9949
What are the prime factors of 1751412056?
2, 218926507
What are the prime factors of 61229320?
2, 5, 163, 9391
List the prime factors of 94140841.
83, 499, 2273
What are the prime factors of 2775245843?
41, 43, 1574161
List the prime factors of 169248875.
5, 53, 59, 433
What are the prime factors of 5100307806?
2, 3, 11, 1433, 53927
What are the prime factors of 75644307?
3, 2801641
What are the prime factors of 620906745?
3, 5, 139, 297797
List the prime factors of 2424290219.
13, 17, 10969639
List the prime factors of 3606900494.
2, 3881, 464687
What are the prime factors of 44329804?
2, 11082451
What are the prime factors of 41878639?
11, 29, 53, 2477
What are the prime factors of 157010592?
2, 3, 53, 30859
List the prime factors of 22799550.
2, 3, 5, 17, 8941
List the prime factors of 37848928.
2, 13, 37, 2459
What are the prime factors of 46710800?
2, 5, 31, 3767
List the prime factors of 1591843.
11, 47, 3079
What are the prime factors of 81542194?
2, 41, 994417
List the prime factors of 480091856.
2, 30005741
What are the prime factors of 1159846428?
2, 3, 13, 101, 73613
List the prime factors of 1304135.
5, 7, 5323
What are the prime factors of 384989178?
2, 3, 7, 61, 21467
What are the prime factors of 77182717?
29, 2661473
List the prime factors of 3437855.
5, 37, 18583
What are the prime factors of 83160999?
3, 1026679
List the prime factors of 44199847.
17, 2599991
What are the prime factors of 5204396701?
7, 1237, 601039
What are the prime factors of 202788094?
2, 2797, 36251
What are the prime factors of 12989067?
3, 7, 13, 971
List the prime factors of 721273051.
721273051
What are the prime factors of 129541990?
2, 5, 12954199
What are the prime factors of 227568823?
227568823
What are the prime factors of 3036363246?
2, 3, 7, 892523
What are the prime factors of 1078463441?
11, 8912921
What are the prime factors of 153539778?
2, 3, 7, 3655709
What are the prime factors of 54623496?
2, 3, 53, 42943
List the prime factors of 68061114.
2, 3, 11, 149, 769
What are the prime factors of 41903436?
2, 3, 17, 19, 569
List the prime factors of 445941123.
3, 47, 3162703
What are the prime factors of 2445888895?
5, 1699, 287921
List the prime factors of 874154998.
2, 43, 73, 139241
List the prime factors of 401906442.
2, 3, 7, 2837, 3373
What are the prime factors of 116999923?
116999923
What are the prime factors of 226763438?
2, 11, 47, 19937
What are the prime factors of 68713363?
68713363
What are the prime factors of 4723002299?
101, 46762399
List the prime factors of 708020118.
2, 3, 13, 421, 7187
List the prime factors of 424898099.
424898099
What are the prime factors of 53103732?
2, 3, 11, 37, 83, 131
List the prime factors of 89340038.
2, 83, 521, 1033
List the prime factors of 3172178490.
2, 3, 5, 13, 8133791
What are the prime factors of 51229889?
239, 214351
List the prime factors of 409173354.
2, 3, 29, 97, 8081
What are the prime factors of 1103682236?
2, 89, 3100231
What are the prime factors of 963978814?
2, 1031, 467497
List the prime factors of 155738159.
827, 188317
List the prime factors of 519514857.
3, 61, 5171
What are the prime factors of 680693491?
680693491
List the prime factors of 6561529946.
2, 16187, 202679
What are the prime factors of 16567796?
2, 7, 83, 7129
What are the prime factors of 1093188663?
3, 7, 5784067
List the prime factors of 54648873.
3, 6072097
List the prime factors of 153697007.
43, 379, 9431
What are the prime factors of 784811827?
2659, 295153
What are the prime factors of 49105277?
13, 3777329
What are the prime factors of 50706324?
2, 3, 17389
What are the prime factors of 24650022?
2, 3, 31, 132527
List the prime factors of 203752749.
3, 61, 1113403
What are the prime factors of 3094913961?
3, 1163, 98561
What are the prime factors of 5156135468?
2, 11, 117184897
What are the prime factors of 1272038378?
2, 13, 48924553
List the prime factors of 4462791.
3, 31, 47, 1021
List the prime factors of 294722558.
2, 13, 1777, 6379
List the prime factors of 118250944.
2, 7, 263953
What are the prime factors of 680253830?
2, 5, 241, 277, 1019
List the prime factors of 168418737.
3, 229, 27239
What are the prime factors of 370677935?
5, 19, 109, 35797
List the prime factors of 413003016.
2, 3, 193, 9907
List the prime factors of 35833330.
2, 5, 13, 275641
List the prime factors of 1567445499.
3, 2150131
List the prime factors of 1374137719.
1374137719
What are the prime